5*o(m) - 3*t(m). Let k = 11 - 9. Is f(k) composite?
False
Suppose 857383 = 38*f - 137875. Is f a prime number?
False
Is (-15319737)/(-255)*-15*(-2)/18 composite?
False
Let j(h) = 2*h**2 - 11*h - 46. Suppose -10*s = 6*s + 80. Is j(s) a prime number?
True
Suppose -3*g + 77858 = 26522. Let o = g + -11851. Is o composite?
False
Suppose 4*t - 4*v + 57 = 9, -2*t - 3*v - 14 = 0. Is ((-13755)/t - -3)/(2/4) a composite number?
True
Let w be 8/(-1) - (-9 + -1). Is -2 - (-4369)/w - (-32)/64 a prime number?
False
Is (170350/4 - (68 - 61))*(-8)/(-6) a composite number?
True
Let k(q) = 116*q + 8*q**2 - 114*q + 8*q**2 - 3*q**2 + 4*q**2. Suppose 2*i - 3 = -5*y, -8*y - 4*i + 1 = -3*y. Is k(y) a composite number?
False
Let z(f) = 4*f**2 + f - 40. Let g be z(6). Is (-1)/(-3)*1502*2805/g a composite number?
True
Suppose -5*a + 64*j = 60*j - 311333, -a + 4*j = -62257. Is a a composite number?
True
Suppose -960*w = -943*w - 4381087. Is w a prime number?
True
Let f = -1205780 + 2603119. Is f a composite number?
False
Let x(a) be the second derivative of a**4/6 + 2*a**3 + a**2 - 253*a. Is x(14) a prime number?
False
Let u = 22 + -23. Let f be (-40)/(-16)*(-2)/u. Suppose -2*i + f*b + 499 = 0, 929 + 14 = 4*i + b. Is i a prime number?
False
Suppose -60*h - 5*h + 3094325 = 0. Is h composite?
True
Let s(d) = 8*d**2 - 16*d + 141. Let a be 20/(-40)*(-91 - 1). Is s(a) a prime number?
True
Let z(f) = -f**3 - 9*f**2 + 9*f + 10. Let b be z(-15). Let r = 2634 - b. Is r composite?
False
Let g(w) be the second derivative of 5*w**4/6 + 38*w**3/3 - 19*w**2/2 - 18*w - 2. Is g(12) a prime number?
True
Let u be ((-4376)/12)/((-4)/6). Let a = -420 - -244. Let r = u + a. Is r prime?
False
Suppose -16*n + 30*n - 2168528 = -2*n. Is n a composite number?
False
Let q(u) = -u**2 - 31*u + 102. Let t be q(-34). Is (t + (84 - -2))/((-12)/(-678)) composite?
True
Let z be 60*-2*1108/(-16). Let k be z/16 + 18/(-48). Is (k/(-5))/1*-5 prime?
False
Suppose -4*x = -2*i + 20, 0 = 3*i + 3*x - 3. Suppose -3492 = -2*f + 3*h, 0*f = -i*f + h + 6964. Suppose f = 4*z + 160. Is z prime?
False
Let s be (-8)/16*(3 - 11). Suppose -29618 = -3*t + 5*n, 3*n - s = 7*n. Is t a composite number?
False
Let n(g) be the second derivative of 116*g**4 + g**3/6 - 7*g. Let r = 154 - 153. Is n(r) prime?
False
Let g(l) = -31*l**3 - 6*l**2 + 5*l + 8. Let d be g(9). Is (d/16)/((-1)/2) a composite number?
False
Let l = 2767 - 1407. Let k = l - 407. Is k composite?
False
Let c be (33/36 - 2/3)*8. Let t(j) = 165*j**2 + 10*j - 7. Is t(c) prime?
True
Let s = -313 + 2007. Suppose -5*y + s = n, 0 = n + 3*y - 1158 - 542. Is n a prime number?
True
Let a(j) = 469*j**2 + 2*j + 82. Let x be a(11). Suppose 2*w - 28439 = 10*k - 5*k, 4*w - x = 5*k. Is w prime?
True
Let w = -168 - -171. Suppose 3858 = 2*h + 4*q - 6100, -q + 14912 = w*h. Is h composite?
False
Let l = 100854 - 51249. Suppose 5*f - l = -6*o + o, 3*o = 3*f - 29775. Is f prime?
True
Is -206246*(-94 + 95)/(1*-2) composite?
False
Let t(j) = 499*j - 12. Suppose -3*k + 7*k + 32 = 0. Let h be t(k). Let y = h - -7457. Is y prime?
False
Is (3836/8631)/(2/231831) prime?
False
Let a(u) = 7*u**3 - 14*u**2 + 89*u - 1881. Is a(40) prime?
True
Let p be -4 - (26/(-182) - (-5692)/7). Let y = 5208 + p. Is y prime?
True
Suppose -8 + 14 = 2*j. Suppose s = 4*m - s - 19310, 14487 = j*m + 3*s. Let p = m + -3155. Is p a prime number?
False
Let l = -292 + 178. Let i = l + 1021. Is i a composite number?
False
Suppose 98*s = -5647495 + 29074689. Is s prime?
True
Suppose -4*p + 5*c = 587 + 27747, p = -4*c - 7094. Is -3 - (4 - 2) - p a prime number?
False
Suppose 111 - 135 = -4*y. Suppose 4369 = y*v - 5885. Is v a prime number?
True
Suppose -1878*w - 1941938 = -4*b - 1875*w, -w - 970972 = -2*b. Is b composite?
True
Let f(t) = 3*t - 12. Let r = 46 + -41. Let j be f(r). Suppose -h + 2312 = j*s, -h = -3*h + 10. Is s a composite number?
False
Suppose 0 = 98*t - 102*t - 170274 + 1254422. Is t a prime number?
False
Suppose 0*s + 18 = 5*r - s, 4*r - 4*s - 24 = 0. Suppose 10*j = 4*f + 7*j - 44137, 2*f = 2*j + 22068. Suppose -4391 = -2*d - r*y, y = 5*d - 3*y - f. Is d prime?
True
Let s be (-1)/((-76)/(-16) + -5). Let p be -7 + s - 2/(6/(-327)). Suppose 2747 - p = 3*o - 2*x, -3*o + 2639 = -x. Is o a composite number?
True
Let r = -2317 + 4927. Let h = r - 1549. Is h a prime number?
True
Let r be ((-27)/(2295/136))/(2/(-5805)). Suppose -4*v + 6*p = p + 13072, v - 2*p = -3271. Let u = v + r. Is u a prime number?
True
Suppose 5*m + 45 = 4*p + p, 0 = -3*p - m + 11. Let l be ((-385)/(-22) - 17)/(1/2710). Suppose 755 = p*y - l. Is y a composite number?
True
Let r be 10/(-225)*-40 - 2/(-9). Suppose 7 = -r*c + 9. Is 734 + -6 - (-4 + c) prime?
False
Let i = -62 + 88. Let f = -24 + i. Let c(t) = 337*t + 9. Is c(f) composite?
False
Let x(z) be the third derivative of 7*z**6/120 + z**5/5 - 13*z**4/24 + 37*z**3/6 + 68*z**2 - 1. Is x(11) a prime number?
True
Suppose -268122 = -4*p - 5*w, 309477 - 41339 = 4*p - 3*w. Is p prime?
True
Let q = -62 + 38. Let v be (q/27)/(2/6)*-3. Suppose -14*n + v*n = -2262. Is n a composite number?
True
Suppose -30196 = -f - 2*t, 0 = 5*f - 12*t + 9*t - 151019. Is f composite?
True
Let r = 317079 - 151580. Is r a composite number?
True
Let t be 3*(-1)/((-12)/(-112)). Let r = t - -32. Is r - (-5 - -6) - 3016/(-1) a composite number?
False
Let i = 59913 + 41768. Is i a composite number?
False
Let u = 37 - 21. Suppose -u = -2*p - 2*p. Is (-1)/p - (-2693)/4 prime?
True
Suppose 20 = 2*y + 2*y, 10 = -5*i - 4*y. Is (-3)/i*100 - -3 a composite number?
False
Let a(r) = -10*r**2 + 8*r + 7. Let q be a(-6). Suppose -20 = b - 5*y - 852, -2*y + 8 = 0. Let c = b + q. Is c composite?
True
Let o = -3188 + 11793. Is 5/((-25)/(-10)) + o + 2 composite?
False
Suppose -174*m + 293964 = -42*m. Is m prime?
False
Let h(g) = 3*g**2 - 42*g - 11. Let n be h(8). Suppose -2*f + 3*i + 845 = -2*i, 0 = -2*f - i + 839. Let b = f + n. Is b composite?
True
Suppose -5 = -3*n + 5*o + 11, 5*n - 5*o - 20 = 0. Suppose f = -n*f. Suppose f = -12*v + 3621 - 105. Is v prime?
True
Suppose -5*u - 2*q + 321497 = -4*q, 0 = -3*q + 12. Is u composite?
False
Suppose -43 = 8*h + 5. Let x(o) = 219*o**2 + 23*o - 9. Is x(h) a composite number?
True
Suppose -4*j + 582 = 166. Let p = -98 + j. Suppose -4*c + p*c - 1778 = 0. Is c a prime number?
False
Let y(d) be the first derivative of 47*d**4/6 + 19*d**3/6 - 3*d**2/2 + 2. Let g(k) be the second derivative of y(k). Is g(5) a composite number?
True
Let x = -315 + 320. Is 5 + (-25)/x - (-2 - 37749) a prime number?
False
Let a be (0/(-13))/((-3 + 1)/(-1)). Suppose -4*i + 4*n - 2123 + 8747 = a, 0 = -i + 2*n + 1661. Is i prime?
False
Suppose 59869 + 89 = 9*d. Suppose -10*i = -49188 - d. Is i prime?
False
Let l = -138131 + 281460. Is l a prime number?
True
Let c(w) = 258*w. Let b be c(3). Let h = 2852 - b. Is h a composite number?
True
Suppose -3*k + 27 = -0*k + 5*z, -3*k + 3*z = -3. Suppose -h + 12 = -2*g, -8 - 5 = -k*h + g. Suppose 0 = h*q + 7*q - 3771. Is q a prime number?
True
Let b = -191 + 193. Suppose -b*p - 3*x + 170 = 0, 7*p - 8*p = -x - 85. Is p composite?
True
Suppose -17*d + 13*d = -20. Suppose 2*z - z = 5*h - 14958, -14952 = -d*h - z. Is h composite?
True
Is 2967/54*526 - (-46)/207 a composite number?
False
Let m = 7 - 13. Suppose -3*w + 10*n - 6*n = 8, n = 2*w + 12. Is w/m*3759/28 prime?
True
Let r = 7441 - 13187. Let n(u) = 110*u + 11. Let l be n(-13). Let x = l - r. Is x a composite number?
False
Suppose -13*s = 2*y - 490525, -36*y - 150936 = -4*s - 34*y. Is s a composite number?
True
Let d = 13 - 6. Suppose -10*j + d*j = 36. Is 4/12 + (-704)/j a prime number?
True
Suppose 206*x + 2624254 = 384*x. Is x a composite number?
True
Let k(b) = -100*b**3 + 12*b**2 - 71*b + 40. Is k(-15) a composite number?
True
Is (-678)/226 - (-2967808)/2 composite?
True
Suppose 2 = 6*g - 10. Suppose -5*q + s + 0*s = -297, g*q + 2*s - 126 = 0. Suppose -56*n + q*n = 5052. Is n composite?
True
Let g = -68 - -26. Let h = -37 - g. Suppose h*j + 6325 = 3*r + 1409, -r + 1632 = 5*j. Is r prime?
True
Let l = -137 + 150. Let w(u) = 100*u**2 + 97*u - 4. Is w(l) prime?
False
Let j be (-78)/39 + 5797/(-1). Let c = -1586 - j. Is c composite?
True
Let o(q) = -174*q - 15. Let l(y) = -23*y - 12*y + 1 - 4. Let v(z) = -24*l(z) + 5*o(z). Is